 + 4. Let t be g(2). Suppose -39 = -17*z + t*z. Suppose 16*s = z*s + 879. Is s prime?
True
Suppose -u - 6 = -3*b + 2*u, -3*u + 9 = 2*b. Suppose -13 = -4*n + i, -18*i = -13*i + 25. Suppose -n*p + 0*p = -y + 575, 0 = y - b*p - 572. Is y prime?
False
Suppose 0 = -k + 3*c + 39816, -30*k + 4*c - 39781 = -31*k. Is k composite?
True
Suppose 2*s - y = 105557, -158319 = 217*s - 220*s - 4*y. Is s a composite number?
True
Suppose -9*p = -14*p + 5*b + 1499955, 2*b = 3*p - 899977. Is p a prime number?
False
Is (3/((-12)/69166))/(6 - (-52)/(-8)) prime?
True
Let i(r) = -268*r + 46. Let q be i(-23). Let s = -1711 + q. Is s a composite number?
True
Let r be -1 - -3 - 0 - (-15)/5. Is 3/(r + 172109/(-34426)) composite?
True
Suppose 10*z + 10*z = 0. Suppose 0 = 2*a + 2*k - 1990, -5*a + 7*k - 3*k + 4957 = z. Is a composite?
True
Suppose 51757 = -13*z + 958719 - 72141. Is z a prime number?
True
Suppose 29*w - 32761148 - 8808921 = 956952. Is w a prime number?
True
Suppose 0 = 4*j + 155568 + 169240. Let k = j + 129221. Is k a prime number?
False
Suppose 4*h + 10 = 2*h + 4*u, -2*u + 30 = 4*h. Suppose -2*x + 1230 = -5*x - 3*c, h*c = 25. Let j = 744 + x. Is j a composite number?
True
Let j(t) = t**2 - 1. Let s(d) = -72*d**3 + 10*d**2 + 2*d - 5. Let g(q) = 6*j(q) - s(q). Let m(p) = p**3 - p**2 - p - 1. Let v(z) = g(z) - 2*m(z). Is v(2) prime?
False
Suppose -32724 = -v - 5*h, 7*v + 163760 = 12*v - 3*h. Is v a prime number?
True
Suppose 666*z - 168*z + 345*z - 380436627 = 0. Is z prime?
False
Let y(a) = 196*a**2 - 4*a - 23. Is y(-6) composite?
False
Let v(f) = -8*f + 15. Let b be v(4). Let l be b*1/3*-3. Let m(j) = 33*j - 20. Is m(l) prime?
True
Let a(w) = -w**3 + 19*w**2 + 2*w - 37. Let p be a(19). Suppose -p = m + 1, -4*m + 3403 = 3*f. Is f prime?
False
Suppose 9*s + 375 = 384. Is ((-839265)/140)/(s/(-4)) a prime number?
False
Suppose -3*a + c = -10, 3*c = -10*a + 12*a - 9. Suppose -4501 + 30847 = a*q. Is q composite?
True
Let v be (-8)/(-2)*-2*24/(-16). Suppose -853 = -v*r + 11*r. Is r prime?
True
Let u = -3039 + -864. Let q = u + 14224. Is q composite?
False
Let f = -12363 - 4432. Is f*(9/15)/(-3) a composite number?
False
Let j = -148 + 157. Suppose -j*t + t = -9704. Is t a composite number?
False
Let g(y) = y**2 - 5*y - 12. Let j be g(5). Let k be (4/j)/(2/(-6)). Let q(b) = 377*b + 4. Is q(k) a composite number?
True
Let m = -37 + 41. Suppose -m*i - q = 2*q + 972, -4 = -q. Let y = 49 - i. Is y a prime number?
False
Let p(y) = -y**3 + 7*y**2 + 6*y + 12. Let t be p(8). Let z be -3*2526/t*2. Is -2*(z/(-6) - -2) prime?
True
Let v(a) be the third derivative of 181*a**4/24 + a**3/2 + 6*a**2. Let g(u) = 544*u + 10. Let c(z) = 4*g(z) - 11*v(z). Is c(6) a prime number?
True
Let l(z) be the third derivative of 1649*z**5/60 + 19*z**4/24 - z**3/2 + 235*z**2. Is l(4) a composite number?
True
Let u be ((-288)/240)/(3/(-10)). Is (9 - -17)/(u/662) a composite number?
True
Let b = -118 - -123. Suppose 0 = -5*o + o + b*y + 1783, -1793 = -4*o - 5*y. Is o a prime number?
False
Let l(i) be the first derivative of i**4/4 - 29*i**3/3 - 31*i**2/2 + 34*i + 16. Let x be l(30). Suppose 3*f + 4*d + d = 1714, x*f - 5*d = 2227. Is f prime?
True
Suppose 7*c = -c + 24. Suppose 5054 = 2*b - f, 5*b + c*f - 12635 = -f. Suppose 4*w = q - 1271, -q + b = q - 3*w. Is q composite?
False
Is (4*95/20)/(7/47999) composite?
True
Let z(m) = 2*m**2. Let f(q) = 2721*q**3 - 14*q**2 - q + 5. Let h(c) = f(c) + 6*z(c). Is h(2) a prime number?
False
Suppose 0*b + 80 = -5*r + 3*b, -90 = 5*r - 5*b. Is 7679 - (-5 - r)/(-4) composite?
False
Suppose -3*o - 66 = -2*d, -o + 4*d = 6*d + 22. Let i be (5*5/50)/(1/o). Let c(z) = -74*z + 17. Is c(i) a prime number?
False
Suppose -6*t + 25 = -5. Suppose -f + 277 = 2*y, t*y - 10*y + 700 = f. Is y composite?
True
Suppose -56*f - 1185401 = -4*m - 61*f, 2*m = -f + 592711. Is m a composite number?
True
Let p = 471 - 477. Is (-559)/p - ((-85)/30 - -3) prime?
False
Let c = 8026 + 12628. Let o = c + -13411. Is o a prime number?
True
Suppose 0 = -255*n + 208*n + 835801. Is n prime?
True
Let a = -651907 + 1545828. Is a a prime number?
False
Let p be -9 + 3 + 9598 + 0. Suppose -p = -5*r - 3*a + 9370, a + 18966 = 5*r. Is r a composite number?
False
Let z(m) = 108*m + 179. Let t be z(7). Suppose i + 458 = 3*d - 453, 3*d - t = -5*i. Is d a composite number?
True
Let b(j) = 3*j**3 - 10*j**2 + 4*j + 203. Let t(i) = -i**3 + 3*i**2 - i - 67. Let q(r) = 4*b(r) + 13*t(r). Is q(-24) a prime number?
False
Let y(u) = 55*u + 67. Let r(d) = d - 1. Let a(l) = -93*l - 153. Let w(g) = a(g) - 18*r(g). Let f(m) = -2*w(m) - 5*y(m). Is f(-8) composite?
False
Let d(g) = -746*g**3 - 22*g**2 + 13*g - 121. Is d(-10) composite?
False
Let g(d) = 8*d + 75. Let i be g(6). Let w = i - 102. Is (399 - (2 + 0))*w/3 prime?
False
Let r be 1 + (-9 - -4 - 2110). Let p = 144 - r. Is p prime?
False
Let z(l) be the first derivative of 515*l**2/2 + 188*l + 98. Is z(34) a composite number?
True
Let x be 158/(6/(-2) - -5). Let m(y) = -111*y - 27. Let a be m(-1). Suppose -x*n = -a*n + 7565. Is n composite?
True
Let s(o) = 257*o - 411. Let z be s(8). Suppose -14*f + 1869 = -z. Is f composite?
False
Is (-259408)/(-2) - (-539)/(-77) composite?
True
Let g(t) = -3*t**3 - 3*t - 3. Let d be g(-1). Suppose 2*k - 592 = 4*s - 5*s, d*k = -2*s + 889. Is k a prime number?
False
Suppose -4 = 2*k + 16. Let f(c) = -811*c - 757*c - 19 + 1488*c. Is f(k) a prime number?
False
Let w = 598 - 1120. Let b(k) = -854*k - 9. Let i be b(1). Let g = w - i. Is g prime?
False
Suppose -f - 2*h + 1 = 0, -4*h = f - 1 + 2. Let x be 836/20 + f - (-2)/10. Is 21655/x + (-4)/18 prime?
False
Let g = 18860 - 33195. Let o be (-3)/(-2 - g/7170). Let x = o - 2951. Is x a composite number?
True
Let v = -548 + 2839. Let x = v + -1072. Is x a composite number?
True
Let a = 1268 - 1593. Suppose -p = 5*j - 782 + 138, 5*p - 3298 = j. Let v = p + a. Is v prime?
False
Suppose -4*x - 16 = 0, 3*x - 6*x = 3*a. Let f = a + -1. Suppose -6*k - 3 = -3*k, -5*b + f*k = -1338. Is b composite?
True
Let y = 166 + -119. Let m(w) = -37 - 44 + 67 - y*w. Is m(-5) a prime number?
False
Is (-129494)/(12/(-20 - -14)) a composite number?
False
Let k(z) = 106*z**2 - 21*z - 40. Let h be k(10). Let s = -1463 + h. Is s prime?
True
Let z = 4 + 11. Let c(d) = -507*d**3 - 2*d - 2. Let b be c(-1). Suppose -12*r = -z*r + b. Is r composite?
True
Let a(o) = 31*o + 6. Let q be a(5). Suppose q*v - 157*v - 3820 = 0. Is v a prime number?
False
Suppose 2*i - 3 = -3*o - 2, -o = 3. Let m be (75 - (-7 + 3))*6. Suppose n = -i*n + m. Is n a composite number?
False
Suppose -g + 8943 = -s, s = -9 + 14. Let d = g - 955. Is d prime?
True
Let q be (1 + 5/(-15))*-3. Let x(k) = 414*k**3 - 13*k**2 + 3*k + 6. Let c(w) = 208*w**3 - 6*w**2 + w + 3. Let l(v) = -5*c(v) + 2*x(v). Is l(q) a prime number?
False
Suppose 0 = -57*b + 18*b + 7332. Suppose -6123 = -d - b. Is d prime?
False
Let j(v) = -130*v - 7. Let y be j(-4). Let o(u) = u**3 - 4*u**2 - 3*u - 6. Let r be o(5). Suppose -251 - y = -r*p. Is p a prime number?
True
Let w = -227207 - -327168. Is w prime?
True
Suppose 13*l - 21954010 = -117*l. Is l a prime number?
False
Let o(r) = r**2 - 23*r + 127. Let v(k) = 30*k - 82. Let l be v(4). Is o(l) a prime number?
False
Suppose 32*v = 37*v - 5060. Let a be ((-3)/((-72)/(-30)))/((-1)/v). Suppose 0*z = -5*z + a. Is z a composite number?
True
Suppose 0 = -2*q + 4 + 2. Suppose 4*u - 15*u + 22 = 0. Suppose 2*h - 1004 = -q*r + 2*r, 4*h - u*r = 2008. Is h a prime number?
False
Let s = -227 + 227. Suppose s = 4*k - 2517 - 2967. Is k a prime number?
False
Let g be 0/((-2)/((-10)/(-25))). Let l be (g - (-12)/4)/(-1). Is ((-1598)/6)/(l/9) prime?
False
Let m(k) = 145908*k - 11653. Is m(13) composite?
False
Let w be (-7 - -10)/((-6)/4). Let y be 30 + 16 - 1*w. Is (24/y)/(1/1166) a composite number?
True
Let o = 61 - 31. Let q = o - -41. Is q a prime number?
True
Suppose -p = -2*s - 6, p - 20 = -2*p + 4*s. Let u = -6 + p. Suppose -u*z = -600 - 334. Is z a prime number?
True
Let r = 77 + -73. Let p = 4 - r. Suppose 4*o + p*o - 481 = 5*t, -5*t - 5 = 0. Is o prime?
False
Suppose -161944 = -2*n + 2*w, 2*n + 5*w - 172711 = -10732. Is n prime?
False
Suppose -197*p + 206093571 = 132024153 - 189920629. Is p composite?
True
Let u(q) = 14235*q**2 + 61*q + 16